w + t*m. Let y(k) = -k**2 + 2*k + 3. Calculate y(w).
-5
Let q(t) = 7*t**3 + 3*t**2 - 11*t - 15. Let w be 10/(-35) - 19/7. Let p(c) = 4*c**3 + c**2 - 5*c - 8. Let u(y) = w*q(y) + 5*p(y). Calculate u(-5).
-10
Let l(x) = x**2. Let y(o) = 6*o**2 - 8 - o**2 - 5*o - 8*o**2 + 0. Let f(j) = 4*l(j) + y(j). Determine f(6).
-2
Let i(k) = -4*k**2 - 7*k**2 + 5*k**2 - 16 + 7*k**2. Suppose -3*u - 2*y + 7 = 9, 3*u + 4 = -4*y. Determine i(u).
-16
Let p(z) = -3*z + 13. Suppose 69*j - 63*j + 54 = 0. Determine p(j).
40
Let m(c) = 223*c - 235*c - c**2 - 6 + 0*c**2. Calculate m(-11).
5
Let c(r) = r. Let i be (-2)/((-16)/120*3). What is c(i)?
5
Suppose 5*z - 24 = 9*z - 4*c, -4*c = -2*z - 20. Let f = 189 - -56. Let p(s) = -s**3 + s + 0*s + f - 247. Give p(z).
4
Let q(z) = 7*z + 42. Let m be q(-6). Let y(s) = 3*s + m*s - 5*s + s. Calculate y(7).
-7
Let m(d) = -d - 17. Let l = -658 - -650. What is m(l)?
-9
Let m(r) = 4*r + 16. Suppose -5*s + 3*g + 9 = 0, 21*g + 12 = 4*s + 17*g. Determine m(s).
16
Let i(s) = s**2 - 12*s + 43. Let x be i(5). Let t(b) = -2*b + 12. Give t(x).
-4
Let v(j) be the third derivative of -j**6/120 + j**5/20 - j**4/12 - j**3/3 + 200*j**2 + j. Let b = -1 - -3. Give v(b).
-2
Suppose 5*q + 36 = 61. Suppose 4*y - q*t - 7 = 0, -2*t + 8 = 2*y - 0. Let l(w) = -w**2 + 4*w + 1. What is l(y)?
4
Let h be 16/(-28)*147/(-14). Let o(y) = -y + 2. Let w(a) = a - 2. Let k(z) = h*o(z) + 7*w(z). Calculate k(4).
2
Let k(a) = -a**3 + 12*a**2 - 11*a + 5. Let n be (7 + 4)/(-2 + 3). Let s be k(n). Let q(b) = -b**3 + 6*b**2 - 4*b + 7. Give q(s).
12
Let d(i) = -2*i**3 - 2*i - 5. Let a(c) = -c**3 - 1. Let v(w) = -4*a(w) + d(w). What is v(-2)?
-13
Let d(r) be the third derivative of -20*r**2 + 0 - 11/6*r**3 - 2/15*r**5 + 0*r**4 + 0*r + 1/120*r**6. What is d(8)?
-11
Let b(w) be the first derivative of -w**4/4 + 5*w**3/3 + 4*w**2 - 2*w - 110. Determine b(7).
-44
Suppose -4*x = 4*c - 8, c - 4 = -c + x. Let u(i) = -3*i**2 + 6*i**2 - 1 - 8 - 4*i**c. Determine u(0).
-9
Let i(y) = -3*y**2 - 10*y + 10. Let o = 12 - 16. Let b(f) = 7*f**2 + 21*f - 21. Let t(w) = o*b(w) - 9*i(w). Determine t(5).
-1
Let q(x) = -2*x - 25. Let r(g) = -g - 22. Let o(j) = -2*q(j) + 3*r(j). What is o(18)?
2
Let c(p) = -p**3 + 10*p**2 - 10*p + 4. Let w be c(9). Let q = w - -1. Let t(a) = -a**3 - 4*a**2 - 3*a - 1. Determine t(q).
11
Let w = -140 - -147. Let t(h) = h**3 - 8*h**2 + 7*h - 3. Calculate t(w).
-3
Let o(s) = 8*s + 1. Suppose -2*w - 30 = -4*z, -12*w - 37 = -9*w - 4*z. Determine o(w).
-55
Let o be (-1)/(2/(-20))*244/(-610). Suppose -4 = h - 5*h. Let t(k) = 5*k**2 + 7*k + 4. Let y(x) = x**2 + x + 1. Let p(z) = h*t(z) - 4*y(z). Determine p(o).
4
Let p(d) = -d**2 - 21*d - 61. Suppose -545 = 25*j - 120. Calculate p(j).
7
Suppose -5*g + 14 = -4*o - 3, 0 = -o + 4*g - 7. Let c be 4/(-6)*(-84)/8. Let h(n) = -3 + 4*n + 2 - c*n. What is h(o)?
8
Let d(q) be the second derivative of -13*q**3/6 - q**2 - q + 8. Give d(-1).
11
Let l(w) be the first derivative of 1/8*w**4 + 1 + 1/20*w**5 - 5/3*w**3 + 0*w**2 + 1/360*w**6 + 0*w. Let q(i) be the third derivative of l(i). Give q(-5).
-2
Let l(b) = 3*b**2 + 24*b - 31. Let q(i) = -i**2 - 8*i + 9. Let u(m) = 2*l(m) + 7*q(m). What is u(-11)?
-32
Suppose 12*u - 240 = 2*u. Let a(s) = -s**3 - 5*s**2 - 3*s. Let p be a(-4). Let d be (u/(-16))/((-3)/p). Let o(r) = 3*r + 3. Determine o(d).
-3
Let v(x) = -2*x + 1. Suppose -w - 138 = -3*r + 4, -2*r - 2*w = -100. Let j = -46 + r. Determine v(j).
-3
Suppose -17*c - 36 = 19*c. Let r(f) = -37*f**2 - f. Determine r(c).
-36
Let m(l) = -l - 4. Let n(h) = -2*h**3 - h**2 + 2*h - 4. Let g be n(-2). Determine m(g).
-8
Let w be 2 + 2/(-1) + -5. Let s(c) be the third derivative of -c**6/120 - c**5/15 + 7*c**4/24 + 5*c**3/6 + 2*c**2 + 204*c. Calculate s(w).
-5
Let w(j) = -j - 5. Let v(p) = -1 + 2 + p**2 - 5*p**3 - p + 6*p**3 + p**3. Let f be v(-2). Calculate w(f).
4
Let j(u) = 2*u**2 + 7*u + 4. Let x(n) = -5*n**2 + 6*n - 3. Let z be (-2 + 1)/((-4)/8). Let k be x(z). Let b = k + 7. Give j(b).
8
Let q(m) = m**3 - 15*m**2 - 17*m + 13. Let l be 74/6 + -13 + (-100)/(-6). Give q(l).
-3
Let q = -25 + 22. Let j be q*(8/(-12) + 2). Let s = 6 + j. Let u(i) = -4*i + 3. Determine u(s).
-5
Let p(z) = z**2 + z - 2. Suppose j + 3*j = 3*q - 67, q + j - 13 = 0. Let i = 13 - q. Give p(i).
10
Let y(x) be the third derivative of 0*x - 2/3*x**3 + 1/12*x**4 + 1/12*x**5 - x**2 + 1/120*x**6 + 0. Let s = -464 - -461. Give y(s).
8
Let d(k) = -3*k - 2. Suppose q + y + 12 = 15, q - 5*y + 3 = 0. Suppose -5 + 11 = q*g. Give d(g).
-11
Suppose -q - 2*t = -3, t + 6 = -3*q - 0*t. Let v(c) = -4*c - 2. Determine v(q).
10
Let n(o) be the first derivative of o**5/20 + o**4/2 + 5*o**3/6 - 7*o**2/2 - 7*o - 19. Let p(s) be the first derivative of n(s). What is p(-5)?
-7
Let b(j) = -j**3 - 7*j**2 - 2*j - 5. Let s(v) be the first derivative of v**4/2 - 4*v**3 - 7*v + 7. Let f be s(6). What is b(f)?
9
Let g(j) = j**3 - 3*j**2 + 4*j - 3. Suppose -c = -3*k - 0*c + 93, -3*k + 102 = -4*c. Suppose 5*n + t = 120, -2*n - t + 21 = -k. Let y = -21 + n. Give g(y).
1
Suppose 4*l + 3*y + 0 = -9, -l = 3*y. Let b(z) = -7*z**2 + z - 11. Let d(u) = 4*u**2 + 6. Let q(p) = -3*b(p) - 5*d(p). Give q(l).
21
Let r(n) = -n + 4. Let t(d) = -d**2 - 7*d + 12. Let g(a) = a**2 + 6*a - 13. Let o(p) = 5*g(p) + 4*t(p). Let h be o(4). Calculate r(h).
-3
Let q(y) = -2*y**2 + 5*y - 4. Let f = 10 - -85. Let r be (-2)/8 + f/(-20). Let g(h) = -3*h**2 + 9*h - 7. Let p(o) = r*q(o) + 3*g(o). Give p(1).
2
Let t(g) = -g**3 - 6*g - 7 + 20*g**2 - 37*g**2 + 26*g**2. What is t(8)?
9
Let b = 101 - 96. Let d be (4 + 1)/(((-100)/(-8))/b). Let u(n) = -2*n**3 + 2*n**2 - 2*n + 3. Determine u(d).
-9
Let w(b) = -4 - 15*b + 4 + b**2 + 7*b + 7. Let g(a) = a**2 - a + 1. Let p(l) = -3*g(l) + w(l). Calculate p(-5).
-21
Let z(c) = c**2 - 3*c - 1. Let m be z(2). Let u(a) = -a**2 - 4*a - 3. Let y(t) = -3*t**2 - 13*t - 10. Let g(r) = -7*u(r) + 2*y(r). Determine g(m).
4
Suppose -2 = n, -5*y - 9 = -4*n - 42. Suppose -y*v + 3*m = -2*m + 55, 4*v - m + 35 = 0. Let i(j) = j**2 + 6*j - 9. Determine i(v).
7
Suppose 2*c = -4*t + c + 80, 5*c + 37 = 3*t. Suppose t = -2*k - f, f + 3*f = -12. Let h(r) = -r - 1. Calculate h(k).
7
Let a(x) = x - 4. Let w be ((-2)/6)/(164/54 - 3). Determine a(w).
-13
Suppose 0 = 5*s - 11 - 9. Let q(r) = 0 - s*r + 2*r + 3. Let l(j) = -2*j. Let t be l(-1). Give q(t).
-1
Let n(d) = d**2 - d - 26. Suppose 2*q = 5*g + 10, 5*q + 5*g + 2 = -8. What is n(q)?
-26
Let o(i) = -i**3 + i**2 + i. Let m(h) = 4*h**3 - 21*h**2 - 4*h + 11. Let z(b) = m(b) + 5*o(b). Let k be z(-16). Let x(l) = -l**2 - 2*l + 7. Calculate x(k).
-8
Let p(x) be the third derivative of x**4/6 + 3*x**3 + 45*x**2. Let w(a) = 3*a + 16. Let m(c) = -6*p(c) + 7*w(c). What is m(4)?
-8
Suppose 8*a - 7*a - 2 = 0. Let n(g) = -2 + 4*g**a - 73*g + g**3 + 30*g + 37*g. Determine n(-5).
3
Let y(m) = -5*m + 3. Suppose 0 = -4*j - 7*j + 44. Suppose 0 = -j*a - 4, -3*o + 5*a = -2*o - 8. Determine y(o).
-12
Let a = -22 - -19. Let c be (0*a/(-12))/(-3). Let g(r) = -r + 1. Let z(f) = 2*f - 1. Let o(y) = g(y) + z(y). Calculate o(c).
0
Let t(l) = -l + 6. Let a(w) = -3*w - 18. Let z be a(-7). Suppose 2*d + 50 = 5*i + d, -2*d = -z*i + 23. Suppose u + i = 18. Calculate t(u).
-1
Let r(g) = g. Let u be (-6)/10 - 23/(-5). Suppose -u*c + n + 10 = -14, -2*c + n = -10. Give r(c).
7
Let r(j) be the third derivative of j**4/4 + j**3/6 - 41*j**2. Give r(-1).
-5
Let z(l) = -4*l**2 - 8*l - 3. Let h(i) = 5*i**2 + 9*i + 5. Let a(d) = -5*h(d) - 6*z(d). Determine a(3).
-7
Let y(b) = -b**3 - 5*b**2 - 5*b + 3. Let f be y(-4). Let d(n) be the third derivative of -n**5/60 + 5*n**4/12 - 7*n**3/6 - 10*n**2. Calculate d(f).
14
Let p(g) = -g**2 + 9*g**2 + 13*g - 2*g**2 - 6*g - 4 - 5*g**2. What is p(-8)?
4
Let g(x) = x**3 + 6*x**2 + x + 7. Let d be 1/(-3 + 38/12). Suppose -4*m - d = -n + m, -35 = -3*n - 2*m. Suppose 3*c + n = -7. Give g(c).
1
Suppose v - 2 = 0, 4 = -r - v + 2. Let n = -6 - r. Let d(i) = -i - 1. Let q(s) = -s**2 + 2*s + 1. Let w(g) = d(g) + q(g). Calculate w(n).
-6
Let u(q) = q**2 + 14*q + 9. Suppose 5*d = 5*a - 25, 94*d - 98*d = -a + 23. Calculate u(d).
-39
Let m(h) = 108*h + 101*h - 8 - 215*h. Calculate m(-4).
16
Let p(c) = 7*c + 23 - 7 + 8*c - 14 - 16*c. Determine p(12).
-10
Let y(w) = -8*w**2 + w - 1. 